g be 16 + 8*(-3)/(-3). What is the remainder when (-326)/7*(-84)/g is divided by 16?
3
What is the remainder when (-19)/2*27/((-432)/1504) is divided by 82?
73
Suppose -3*g + 2*x = -66, 2*g - 44 = -0*x + 4*x. Let u = 15865 + -15810. What is the remainder when u is divided by g?
11
Let m(h) = -158*h - 462. What is the remainder when m(-10) is divided by 16?
14
Let s be (-140323)/(-138) + (-5)/6. Suppose 0 = -19*w + 1511 + s. Calculate the remainder when w is divided by 17.
14
Let w(y) = 196*y + 1791. What is the remainder when 210 is divided by w(-9)?
21
Suppose -17 = 2*c - 43. Let h be 7/(-35) - 11/(-5). Suppose -54 = -y - h*l, -y - l - 123 = -3*y. Calculate the remainder when y is divided by c.
8
Let j = -983 - -983. Suppose -a = -3*r - 140, j = -3*a - 2*r + 5*r + 420. Calculate the remainder when a is divided by 10.
0
Suppose -3*p - 2*t - 24 = -t, 0 = p + 4*t + 19. Let b = p - -9. Let u(s) = 3*s**2 + 4*s + 3. Calculate the remainder when u(-1) is divided by b.
0
Let c(x) = -5*x**2 - x - 51. Let j(f) = 14*f**2 + 3*f + 154. Let o(u) = -17*c(u) - 6*j(u). Calculate the remainder when o(-11) is divided by 68.
7
Let f(a) = 15*a - 83. Calculate the remainder when f(9) is divided by 1560/(-234)*(-1)/(-5)*-9.
4
Suppose 13*m - 4*m = -63. Let p(d) = -27*d - 134. What is the remainder when 107 is divided by p(m)?
52
Let k(z) = -4*z**3 + 8*z + 4. Let p be k(-2). What is the remainder when p/(-120) + (-793)/(-6) is divided by 17?
13
Calculate the remainder when 64 is divided by (4 + (6 - 14))*22/(-8).
9
Let h(o) = -31*o + 388. Calculate the remainder when h(3) is divided by 102.
91
Let q(i) = 3*i**3 - 7*i**2 + 34*i - 9. Calculate the remainder when 461 is divided by q(4).
47
Let s(n) = -2*n**2 + 7*n - 14. Let g be s(34). What is the remainder when 188 is divided by (-5 - g/30) + 9/(-15)?
60
Let g(h) = -409*h - 2383. Calculate the remainder when g(-8) is divided by 28.
21
Let j be (2*6)/(-8 - 336/(-40)). Suppose -5*k + 113 = 28. Suppose -k*w + j*w = 1053. What is the remainder when w is divided by 21?
18
Suppose 5263 = 6*r - 60*b + 59*b, 4*b = -3*r + 2627. Calculate the remainder when r is divided by 44.
41
Let t(a) = -15*a - 79. Let v be t(-7). Let r = 72 - v. Calculate the remainder when r is divided by 25.
21
What is the remainder when ((-14)/(-8))/(261/295452) is divided by 64?
61
Let b(x) = -8*x - 16*x - 19*x + 6 - 2. Let u be b(-3). Suppose -6*c + 11 = -u. Calculate the remainder when 92 is divided by c.
20
Let k = 2792 + -2784. Calculate the remainder when 270 is divided by k.
6
Suppose 0 = 2*v - c + 4*c - 31, v + 5*c - 12 = 0. Suppose 4*h - 75 = 5*y, 2*h = -y + v + 10. What is the remainder when 26 is divided by h?
11
Let t = 53 - 51. Let j(k) = 13*k + 14*k - t - 28*k. What is the remainder when j(-14) is divided by 3?
0
Suppose -3*j - 5*q = -0*q - 37, 4*j - q = 57. Calculate the remainder when 64 is divided by -2*((-245)/j + 6).
18
Let b be 40/(-14)*(-6 - 171/(-18)). Calculate the remainder when ((-455)/(-2))/(-7)*100/b is divided by 110.
105
Suppose 78*h - 69*h = 12780. Suppose -1300 + h = 4*i. What is the remainder when 89 is divided by i?
29
Suppose -7*i = -9*i + 8. Suppose 25 = c - 2*l, i*c - 163 = -3*l - 19. What is the remainder when 8/132*-3 + 2613/c is divided by 27?
25
Suppose 2*f - d = 8352, -8*f + 6*f - 4*d + 8392 = 0. What is the remainder when f is divided by 182?
176
Calculate the remainder when 278 is divided by ((2/(-4))/((-30)/1860))/1.
30
Suppose 63 = -926*r + 935*r. What is the remainder when 3520 is divided by r?
6
Suppose 15*o = 46*o - 2635. Let y(k) = k**3 + 8*k**2 + k - 6. Let r be y(-6). Calculate the remainder when o is divided by r/4 + 2 + 1.
13
Suppose 1770*v - 1758*v = 23268. Calculate the remainder when v is divided by 162.
157
Let g = 1577 + -970. Let n(z) = -77*z**3 - 3*z**2 - 3*z - 1. Calculate the remainder when g is divided by n(-1).
75
Let d = -1599 - -1689. What is the remainder when d is divided by 15?
0
Suppose 8*f = 18*f. Suppose -9*z + 568 + 80 = f. What is the remainder when z is divided by 11?
6
What is the remainder when 834 is divided by (-2)/((-4)/6*12/308)?
64
Suppose -50*h = 21*h - 5243 + 202. Calculate the remainder when 1004 is divided by h.
10
Let w = 10066 + -8994. Calculate the remainder when w is divided by 11.
5
Suppose 10 = 5*f + 5*f. Let t(h) = h**2 - h + 2. Let i be t(f). Let u(w) = 7*w**2 - 3*w. What is the remainder when 107 is divided by u(i)?
19
Let y = 30327 - 30306. What is the remainder when 15998 is divided by y?
17
Suppose -44*d + 15000 = 6*d. Calculate the remainder when d is divided by 68.
28
Suppose -t - 2*t = 13*t. Let w(j) = j**2 + 6*j + 22. What is the remainder when 36 is divided by w(t)?
14
Suppose 5*w + 116 = 2*g + 639, -w = 4*g - 131. What is the remainder when w is divided by 83?
24
Let a(w) = w**3 - 7*w**2 + 4. Let j(f) = -f + 4. Let v(g) = 3*g - 9. Let y(n) = 8*j(n) + 3*v(n). What is the remainder when y(5) is divided by a(7)?
2
Let z be 0 + -1 + 1 + 4. Calculate the remainder when 254 is divided by (-2 + (-8)/z)*2*-8.
62
Let y(w) = w**2 - w + 33. What is the remainder when y(0) is divided by (-3)/12 + 6885/340?
13
Suppose 0 = -2*t + 189 + 227. Suppose 3*j - 288*a = -293*a - 5, j + 4*a = -11. Suppose j*y = y + t. Calculate the remainder when y is divided by 18.
16
Let c(s) = -3*s**3 - 8*s**2 - 8*s + 23. Let t = 371 - 377. What is the remainder when c(t) is divided by 72?
71
Suppose 0 = -11*u - 133 + 430. Let w(d) = 3*d - 4. Let r be w(3). Suppose 13 = 5*c + i - 57, -r*c = 2*i - 70. Calculate the remainder when u is divided by c.
13
Let r(n) = -74*n - 4936. What is the remainder when 148 is divided by r(-68)?
52
Let d(y) = 4*y**2 + y. Let k = -15 + 19. Calculate the remainder when d(-4) is divided by ((-26)/12)/(k/(-24)).
8
Let h(o) = 3*o - 19. Let f(g) = g**2 - 4*g + 20. Let s(r) = 2*f(r) + 3*h(r). What is the remainder when 53 is divided by s(-5)?
25
Suppose -2*s = 4*p - 190, 4*p - 15 = 5. Calculate the remainder when 107 is divided by s.
22
Suppose 5*c + 4*q - 737 = 0, 5*c - 13*q - 741 = -15*q. Let n = 206 - c. What is the remainder when n is divided by 21?
15
Let j(b) = -9*b**3 + b + 1. Let d(a) = -19 - 3*a**2 + a**2 + 61 + a**2. What is the remainder when d(-5) is divided by j(-1)?
8
Let j = -26 + 28. Let g(p) = 5*p**2 + 5*p + 4. Calculate the remainder when g(-3) is divided by (-93 + 41)*j/(-8).
8
Let m(r) = 3*r - 12. Let u be m(5). Suppose -3*s + 3*p + 328 + 353 = 0, -s + u*p + 223 = 0. What is the remainder when s is divided by 58?
55
Let i = 58 - 23. Let f(z) = 164*z + 1361. What is the remainder when f(-8) is divided by i?
14
Let s = 297 + -138. Calculate the remainder when s is divided by 588/35 + 36/(-45).
15
Suppose 3*f - 35 = -11. Let x(a) = 17*a + 10. Let r be x(f). Suppose -r - 54 = -5*v. What is the remainder when v is divided by 14?
12
Let y(g) be the third derivative of -g**4 - 19*g**3/3 - g**2. Let p be ((-48)/9 + 2)*(-1)/((-10)/12). What is the remainder when y(p) is divided by 10?
8
Let r be (1/(-1))/((-4)/(-1740)). Let p be ((-24)/30)/(3/r). Suppose 0 = -10*n + p + 804. Calculate the remainder when n is divided by 24.
20
Calculate the remainder when ((-1056629)/(-542))/(2/4) is divided by 13.
12
Let h(v) = v**3 + 19*v**2 + 14*v + 24. Let x be h(-18). Calculate the remainder when (x - 22) + (-8)/(2/1) is divided by 12.
10
Suppose 0 = -5*l, -2*n - 5*l = -7*n + 7235. What is the remainder when n is divided by 50?
47
Let b be 13/91 - (18/(-21) - -1). Suppose b = 8*j - 682 - 374. What is the remainder when j is divided by 9?
6
Let v = 40640 + -40108. What is the remainder when v is divided by 35?
7
Suppose 3*h - 2*f + 61 = 0, -2*h - f - 45 = 2*f. Let k = 27 + h. Suppose -k*z + 16 = -14. Calculate the remainder when 8 is divided by z.
3
Let p(s) = -2*s**2 + 21*s + 95. What is the remainder when 113 is divided by p(12)?
54
Suppose 5*n = -2*c + 2013, -4*c = -2*n - c + 809. What is the remainder when n is divided by 51?
46
Let k = 2111 + -1565. What is the remainder when k is divided by 53?
16
Suppose 3*d - 1577 = 5*o - 7*o, 0 = -2*d - 2*o + 1048. Calculate the remainder when d is divided by 54.
43
Suppose 35*k - 4506 + 3351 = 0. What is the remainder when 251 is divided by k?
20
Let y = -22 - -155. Suppose w - 104 = y. What is the remainder when w is 